*3 - 4*t**2 + 78*t - 243. What is the ten thousands digit of i(3)?
1
Let w = -37737 - -62847. What is the hundreds digit of w?
1
Let z be (-9)/(-27) + (-272)/6. Let j = -43 - z. Let x(k) = 114*k - 9. What is the hundreds digit of x(j)?
2
Let f = 123689 - 84293. What is the thousands digit of f?
9
Let k(y) = y**3 - 11*y**2 + 11*y - 11. Let w be k(10). Let s be w*(4 + -3 - -26). Let j = -17 - s. What is the units digit of j?
0
Let d(t) = -t**2 + 3*t + 130. Let k(q) = 6*q - 126. Let z be k(21). What is the tens digit of d(z)?
3
Let a be -252 + 9/(0 + 3). Let h = -137 - a. Suppose 5*q - h - 3 = 0. What is the units digit of q?
3
Suppose 0 = -121*p - 1510568 + 6321528. What is the units digit of p?
0
Suppose 23*y = 366 - 21. Suppose y*g = 5*g + 1260. What is the hundreds digit of g?
1
Suppose -34*d + 189583 = -62*d + 1001667. What is the ten thousands digit of d?
2
Let p be (-30)/((-3)/1)*3/6. Suppose 4*h = -p*g - 10, -4*g + 6*h = 5*h - 13. Let d(o) = 12*o**3 + 2*o**2 - 4*o. What is the tens digit of d(g)?
9
Let s = -41 - -23. Let y be s/14 + 1 - 640/(-35). Suppose -402 = y*l - 21*l. What is the hundreds digit of l?
1
Let i = -44 - -14. What is the units digit of i/18 + (-15160)/(-24)?
0
Let l = -51669 + 106310. What is the hundreds digit of l?
6
What is the ten thousands digit of (563 + -7)*-13*6/(48/(-20))?
1
Let l be (106/(-4))/(22/176). Let i = 463 + l. What is the units digit of i?
1
Suppose -9*r + 69436 = 6*r - 183404. What is the thousands digit of r?
6
Let m = 33 + -29. Suppose 3*z + 2*z - 4013 = 2*y, -m*z + 3224 = -5*y. Suppose 4*p = p - 3*r + 477, 5*p = -2*r + z. What is the tens digit of p?
6
Suppose -4*o + 12 = 4. Let t(k) = -22 + 15 + 19*k**o + 9 + 2*k. What is the tens digit of t(2)?
8
Let u be 6/14 - 1110/(-105). Let z(m) = -m**3 + 14*m**2 - 6*m - 12. What is the units digit of z(u)?
5
Suppose -5*y - 11 + 36 = 0. Suppose -3*q + y*f = -3838, 5*q - 6407 = 2*f - 4*f. Suppose 0 = 4*d + 3*d - q. What is the hundreds digit of d?
1
Let z = 530 - 136. Let b = z - 178. What is the hundreds digit of b?
2
Let m(n) = -174*n + 110. Let j be m(-11). Let i = j - 1180. What is the units digit of i?
4
Let i(l) = l**2 + 1. Let d(z) = -z**2 + 6*z + 3. Let o(r) = -d(r) + i(r). Let j be o(-5). Let s = j + -9. What is the units digit of s?
9
Suppose -2*a + 4234 - 14634 = -4*p, -p = 4*a - 2582. What is the hundreds digit of p?
5
Let n = 43115 + -23827. What is the hundreds digit of n?
2
Let p(k) = 4*k + 12. Let a be p(3). Suppose -2*j - 19*l = -a*l - 453, -689 = -3*j - 2*l. What is the hundreds digit of j?
2
Suppose 22 + 22 = 22*b. What is the hundreds digit of (-9 + -209)/(b/(-6))?
6
Let r(h) = 77*h**2 - 131*h - 214. What is the units digit of r(-7)?
6
Let q be (1/2)/(1/4). Let b(t) = 237 + 241 + 32*t - 482 - 8*t. What is the tens digit of b(q)?
4
Suppose 2*z + 28 = 102. Suppose -u = -42 + z. Let j(v) = 3*v**2 + 6*v - 7. What is the tens digit of j(u)?
9
Let k(t) = 105*t**2 + 126*t - 96. What is the ten thousands digit of k(14)?
2
Suppose 37 = 5*g - h, -3*g + 4*h + 15 = h. Let f be 818*(-3 + ((-28)/g)/(-1)). Suppose -n + 0 = -1, 4*z + n - f = 0. What is the hundreds digit of z?
1
Let m be 370/(-2)*((-7)/5 + 1). Let s = 1 + m. What is the units digit of s - (4 + 4)/4?
3
Let k(s) = 13*s + 16. Let z be k(-10). What is the units digit of z*454/(-68) + (-20)/170?
1
Let m(t) = 4*t - 19. Let c(v) = -8*v + 37. Let q(y) = -6*c(y) - 11*m(y). Let g be q(4). Let f = g - 2. What is the units digit of f?
1
Suppose 0 = 90*z + 489611 - 2970281. What is the hundreds digit of z?
5
Let f(g) = -231*g + 943. What is the hundreds digit of f(-10)?
2
Let t(o) = 2*o**2 + 15*o - 21. Let q be (5 + 5)*3/6. Let f be -1 + 44/(-5) + (-1)/q. What is the tens digit of t(f)?
2
Suppose 2*a = 8, 3*a = 4*w - 7649 - 3439. What is the hundreds digit of w?
7
Suppose -2*v = 5*u - 4393 - 1328, -v = 3*u - 2859. What is the hundreds digit of v?
8
Suppose -17*i + 1636232 = -108*i + 8235916. What is the hundreds digit of i?
5
Let h = 309 - 37. Suppose -668 - h = -5*w. What is the hundreds digit of w?
1
Suppose 0 = -248*v + 246*v. Suppose -2*a + 2*k + 252 = v, -10*k + 14*k = -a + 126. What is the units digit of a?
6
Suppose 0 = -90*b + 3482578 + 4029992. What is the thousands digit of b?
3
Suppose 0 = -26*o - 9*o + 180355. What is the hundreds digit of o?
1
Let v = 26 + -22. What is the tens digit of (328 - (-5 - 4/(-1))) + v?
3
Let t(a) = 4*a + 22. Let c be t(-12). Let d = 242 + c. Suppose 3*u = -12, 2*u - d = -2*p + 3*u. What is the units digit of p?
6
Suppose 3*h + 4*y = 8, 2*y + 8 = -h - 2*y. Suppose -2*t + 42 = s, 0*s + h = 2*s. What is the tens digit of (t + -3)*(4 + -2)*3?
9
Let u(b) = -b**3 + 7*b**2 - 7*b + 8. Let r be u(6). Suppose -2*f = -3*m - 515, 2*f + 3*f - 1259 = -r*m. What is the units digit of f?
3
Suppose 4*g - 27664 = -4*y, -8*g + 4*g + 3*y + 27622 = 0. What is the tens digit of g?
1
Suppose 0 = -2*v + 7*n - 8*n + 52205, 2*n - 234915 = -9*v. What is the ten thousands digit of v?
2
Suppose 4*m + w - 7395 = -2*w, -5*m = w - 9230. Suppose m = 5*n - q + 3*q, -5*q - 369 = -n. What is the units digit of n?
9
Let h(q) = -108*q**3 + 212*q**3 - 3*q + 1 + 3*q**2 - 103*q**3. Let g be h(2). Let y = 118 - g. What is the tens digit of y?
0
Let z(u) = -8362*u + 4598. What is the units digit of z(-6)?
0
Let m(p) = p**3 - 4*p**2 + 4*p - 133. What is the units digit of m(17)?
2
Let x(d) = 13*d**2 + 134*d - 2974. What is the units digit of x(-82)?
0
Suppose -2*r = 3*r - 3*j + 265, 2*j - 210 = 4*r. Let z = r + 54. Suppose 0 = z*p - 5*l - 557, 3*l + 274 = 2*p + 5*l. What is the tens digit of p?
3
Let l = -126 - -129. What is the hundreds digit of -323*(l + -4) - (-24)/(-8)?
3
Suppose 5*s - 15 = -3*i - 2*i, 3*s + 5*i = 19. Let a be (s/3 - -2) + 6184/24. Let x = 366 - a. What is the tens digit of x?
0
Let z be 12/(-18) + (-34)/(-6). Suppose 3*l - 7*u + 3*u + 6 = 0, 5*u = z*l + 5. What is the units digit of 21/6*(4 - l)?
7
Let n be (1016/12)/((-16)/(-12) + -2). Let c = -110 - n. Suppose 0 = c*w - 2802 - 734. What is the units digit of w?
8
Suppose 0 = -4*w - 4*r + 21 + 19, -3*w + 2*r = -15. Suppose -w*u = -4*u - 30. What is the units digit of (u + 0)/((-2)/(-104)*8)?
5
Let v(i) = -484*i - 31. Let f be v(-10). Suppose -3855 = -12*y + f. Suppose -9*w + y + 205 = 0. What is the units digit of w?
3
Suppose 6693879 = 212*o - 8037153. What is the tens digit of o?
8
Let n(m) = 1649*m**3 - 85*m**2 - m + 13. What is the ten thousands digit of n(3)?
4
Let m be (-2)/(-4)*-8 + 11. Let t(v) = -425*v**3 + 2*v**2 - 6*v - 7. Let k be t(-1). Suppose -m*n + 4*n + k = 0. What is the units digit of n?
2
Let l = -31 + 34. Let y(q) = q - 3. Let z be y(l). Suppose -4*p + 3*a + 313 = z, -4*a = 13 - 1. What is the units digit of p?
6
Let v be ((-18)/(-4) + -2)*2. Suppose -2*c - 447 = -5*a, a - 3*c = v*a - 376. Suppose 4*o - 2*k - 150 = 0, 5*o - 101 = -2*k + a. What is the tens digit of o?
3
Let b(n) be the first derivative of 265*n**3/3 + 3*n**2/2 + n - 99. What is the tens digit of b(-1)?
6
Let y(t) = -t**3 + 33*t**2 + 153*t + 58. What is the thousands digit of y(25)?
8
Let n(f) = -2692*f - 10313. What is the units digit of n(-11)?
9
Let q(j) = -j**3 - 2*j**2 - 2*j - 1. Let n be q(-1). Let z(r) = 101 - 75*r - 54 + 36 + 78*r. What is the tens digit of z(n)?
8
Suppose -213 = 5*l + 4*v, -4*l = -v - 0*v + 183. Let b = 631 + l. What is the hundreds digit of b?
5
Let v = -438 - -431. Let r(x) = -3*x**3 + 2*x**2 + 5*x + 17. What is the units digit of r(v)?
9
Let v be (1/4)/((-16)/(-64)). What is the tens digit of 1465/2*((-5)/25 + v)?
8
Suppose -5*c + 24*c - 136216 = 150190. What is the thousands digit of c?
5
What is the ten thousands digit of 1427848/44 + 96/(-1056)?
3
Let x = 239 - 234. Suppose -4260 = -x*t - 2*d, 2*d + 3390 = -37*t + 41*t. What is the tens digit of t?
5
Suppose -74*b + 12090 = -48*b. What is the tens digit of b?
6
Let s(r) = 72*r**2 - r - 6. Let v be s(-3). Let p = -104 + v. What is the tens digit of p?
4
Let o = 6494 - -1621. What is the tens digit of o/51 - 8/68*1?
5
Let d be (-7)/(252/27) + (-1701)/(-12). Let t be (288/(-10))/3*10. Let f = t + d. What is the units digit of f?
5
What is the ten thousands digit of (1510/(-6))/((-4600)/(-384) - 12)?
1
Suppose 20 = -3*n - 2*v, 0 = n + 3*v + 16 - 0. Let l(c) = -c